e remainder when 153736630 is divided by 2468?
2442
Calculate the remainder when 275335 is divided by 2086.
2069
Calculate the remainder when 2878982 is divided by 898.
892
Calculate the remainder when 64780 is divided by 6467.
110
What is the remainder when 22345 is divided by 62?
25
Calculate the remainder when 31646 is divided by 7306.
2422
What is the remainder when 138588 is divided by 9227?
183
What is the remainder when 29408330 is divided by 2405?
2395
What is the remainder when 340022 is divided by 12158?
11756
Calculate the remainder when 192150262 is divided by 723.
721
What is the remainder when 1240578 is divided by 2749?
779
What is the remainder when 7415039 is divided by 31?
25
What is the remainder when 1605655 is divided by 41?
13
What is the remainder when 85774 is divided by 235?
234
What is the remainder when 3643511 is divided by 142?
75
What is the remainder when 537834 is divided by 4140?
3774
Calculate the remainder when 258369 is divided by 258152.
217
Calculate the remainder when 3604047 is divided by 59.
32
What is the remainder when 609024 is divided by 3736?
56
Calculate the remainder when 7060435 is divided by 307.
49
What is the remainder when 477093 is divided by 298?
293
What is the remainder when 3343178 is divided by 472?
2
Calculate the remainder when 129798 is divided by 2962.
2432
What is the remainder when 2619018 is divided by 2618278?
740
What is the remainder when 34218 is divided by 25670?
8548
What is the remainder when 1333862541 is divided by 14?
11
Calculate the remainder when 217798 is divided by 238.
28
What is the remainder when 433718 is divided by 78?
38
Calculate the remainder when 299901989 is divided by 2589.
2585
Calculate the remainder when 453673 is divided by 90725.
48
What is the remainder when 111423111 is divided by 27?
24
What is the remainder when 39394 is divided by 1258?
396
Calculate the remainder when 333674 is divided by 2517.
1430
Calculate the remainder when 293281 is divided by 1459.
22
What is the remainder when 5566307 is divided by 239?
236
Calculate the remainder when 12917035 is divided by 3229256.
11
Calculate the remainder when 22581966 is divided by 549.
498
What is the remainder when 83581 is divided by 20846?
197
What is the remainder when 134442 is divided by 26330?
2792
Calculate the remainder when 3645134 is divided by 2224.
2222
Calculate the remainder when 3060140 is divided by 24.
20
Calculate the remainder when 19003304 is divided by 111.
104
What is the remainder when 574705 is divided by 659?
57
What is the remainder when 40087 is divided by 4664?
2775
What is the remainder when 204326 is divided by 246?
146
What is the remainder when 419120 is divided by 479?
474
Calculate the remainder when 171472 is divided by 1715.
1687
Calculate the remainder when 25288 is divided by 1259.
108
Calculate the remainder when 4821288 is divided by 438297.
21
Calculate the remainder when 413588 is divided by 8107.
131
Calculate the remainder when 765591 is divided by 263.
261
Calculate the remainder when 2097026 is divided by 12557.
7
Calculate the remainder when 1491662 is divided by 18.
2
Calculate the remainder when 1254246 is divided by 1042.
720
What is the remainder when 923317 is divided by 102576?
133
What is the remainder when 248862 is divided by 1438?
88
What is the remainder when 352454 is divided by 7002?
2354
What is the remainder when 1544562 is divided by 61?
42
Calculate the remainder when 128319 is divided by 128223.
96
What is the remainder when 1555868 is divided by 36?
20
Calculate the remainder when 1164600 is divided by 4.
0
Calculate the remainder when 16961302 is divided by 129.
124
Calculate the remainder when 12133907 is divided by 2022290.
167
Calculate the remainder when 9069607 is divided by 1133697.
31
What is the remainder when 380759 is divided by 3527?
3370
What is the remainder when 6316862 is divided by 439?
91
What is the remainder when 8217458 is divided by 7?
4
What is the remainder when 86279256 is divided by 3030?
6
What is the remainder when 429909 is divided by 11?
7
Calculate the remainder when 102691 is divided by 414.
19
What is the remainder when 11121902 is divided by 508?
258
Calculate the remainder when 1584754 is divided by 792357.
40
Calculate the remainder when 16635305 is divided by 1650.
5
Calculate the remainder when 449908 is divided by 8457.
1687
What is the remainder when 16072572 is divided by 52?
48
What is the remainder when 2979127 is divided by 67707?
19
What is the remainder when 7636 is divided by 3797?
42
Calculate the remainder when 120147 is divided by 40019.
90
Calculate the remainder when 4496249 is divided by 1498635.
344
What is the remainder when 4251024 is divided by 576?
144
Calculate the remainder when 19481532 is divided by 82200.
132
What is the remainder when 2844116 is divided by 8750?
366
Calculate the remainder when 8143749 is divided by 370168.
53
What is the remainder when 1260102 is divided by 7922?
504
What is the remainder when 784592 is divided by 63?
53
What is the remainder when 3827212 is divided by 166400?
12
Calculate the remainder when 173420 is divided by 382.
374
What is the remainder when 1400645 is divided by 197?
172
What is the remainder when 6034522 is divided by 1827?
1768
What is the remainder when 1326999 is divided by 568?
151
Calculate the remainder when 4386427 is divided by 178.
151
Calculate the remainder when 1788548 is divided by 91.
34
What is the remainder when 39823527 is divided by 2454?
15
Calculate the remainder when 61550412 is divided by 2305.
2302
Calculate the remainder when 7270005 is divided by 78.
15
Calculate the remainder when 59567995 is divided by 6000.
5995
What is the remainder when 19862700 is divided by 2837525?
25
What is the remainder when 24523 is divided by 2724?
7
Calculate the remainder when 70913684 is divided by 1447218.
2
What is the remainder when 18138508 is divided by 2534?
136
What is the remainder when 1384155 is divided by 346032?
27
Calculate the remainder when 853569 is divided by 170702.
59
What is the remainder when 67901222 is divided by 39?
38
Calculate the remainder when 59886 is divided by 58908.
978
What is the remainder when 1896327 is divided by 43?
27
What is the remainder when 492627 is divided by 107?
106
What is the remainder when 2119030 is divided by 1630?
30
What is the remainder when 88189420 is divided by 17637883?
5
What is the remainder when 199184367 is divided by 506?
503
Calculate the remainder when 385777 is divided by 4244.
3817
Calculate the remainder when 510423 is divided by 73.
7
Calculate the remainder when 266941 is divided by 6671.
101
What is the remainder when 13159705 is divided by 519?
460
What is the remainder when 2211704 is divided by 276392?
568
Calculate the remainder when 1770672 is divided by 590181.
129
Calculate the remainder when 355706 is divided by 5152.
218
Calculate the remainder when 2011454 is divided by 28.
18
What is the remainder when 15505640 is divided by 144912?
56
Calculate the remainder when 36828 is divided by 5058.
1422
What is the remainder when 8460504 is divided by 1692099?
9
Calculate the remainder when 1342243 is divided by 447411.
10
What is the remainder when 32538651 is divided by 43?
35
Calculate the remainder when 3650 is divided by 262.
244
What is the remainder when 1746963 is divided by 18004?
575
Calculate the remainder when 88077175 is divided by 122.
7
Calculate the remainder when 12210004 is divided by 64.
20
Calculate the remainder when 5220604 is divided by 369.
361
What is the remainder when 13540 is divided by 3987?
1579
Calculate the remainder when 983866 is divided by 122818.
1322
Calculate the remainder when 27046666 is divided by 103.
102
What is the remainder when 6900493 is divided by 84?
61
What is the remainder when 462178 is divided by 158?
28
What is the remainder when 1067411 is divided by 1834?
23
Calculate the remainder when 9384055 is divided by 817.
810
Calculate the remainder when 85471366 is divided by 21367841.
2
What is the remainder when 44011184 is divided by 4212?
4208
What is the remainder when 95219 is divided by 1754?
503
Calculate the remainder when 28382177 is divided by 170.
167
What is the remainder when 356